12
Let b(v) = 49*v + 39. Let k be b(12). What is the highest common divisor of 33 and k?
33
Suppose -47 = -4*x + 25. Suppose 0 = -4*w - 2*q + 186, -171 = -4*w + 2*q + q. Calculate the highest common divisor of x and w.
9
Let u = 15 + 10. Let y = u - 40. Let v be (-57)/(-5) + y/(-25). What is the highest common factor of 48 and v?
12
Let i be (670/50 - 13)*475. Calculate the greatest common divisor of i and 10.
10
Let q = 727 + -710. Calculate the highest common factor of q and 1377.
17
Let i(b) = b**3 - 6*b**2 + 514 + 3*b - 9*b - 522. Let n be i(8). Calculate the greatest common divisor of n and 48.
24
Suppose 0 = -4*l - 227 + 547. Calculate the greatest common factor of l and 10.
10
Suppose 3*v + 39 = c, -3*v + 15 = -114*c + 116*c. Suppose -2*w + 460 = -8. Calculate the highest common factor of w and c.
18
Suppose 2*o + o - h = -281, 72 = -o - 4*h. Suppose 5*s = -2*g + 8, 0 = -3*s + 7 - 1. Let w be 1/((4/o)/g). What is the greatest common factor of 115 and w?
23
Suppose 4*l = 7 + 5. Suppose -6 = l*u - 51. What is the highest common divisor of u and 75?
15
Let k = -1023 + 1043. What is the highest common divisor of 45 and k?
5
Let b = -709 - -714. What is the greatest common factor of b and 185?
5
Let z(c) be the second derivative of -c**3/6 + 5*c**2 + 8*c. Let b be z(-5). Suppose -b = -3*h - 2*h. Calculate the greatest common divisor of h and 1.
1
Let f be 1/(0 + (-3)/9). Let g be -1 - (-41 + 3 + f). What is the highest common factor of g and 360?
40
Let w(a) = -a**3 + 5*a**2 - 4*a + 4. Let p be w(3). Let t be 10/(-2*(-5)/80). What is the highest common factor of p and t?
10
Let n = -5 - -4. Let r be ((-36)/5)/(n/((-40)/(-12))). What is the greatest common divisor of 24 and r?
24
Suppose 3*c = 12, -3 = 2*t - 2*c - 155. Suppose n - t = -n. Suppose 3*j - 18 = -2*y - 0*y, -5*j + n = 4*y. Calculate the greatest common divisor of 75 and y.
15
Let c(g) = 2*g + 285. Let o be c(40). What is the highest common divisor of o and 219?
73
Suppose f = -f + 80. Suppose 20 = 5*l - 4*l - 2*v, 3*l = 4*v + 50. Calculate the highest common divisor of f and l.
10
Suppose 4*b + 688 = 4*m, 0 = -3*b - 3*m - 177 - 327. Let w = 247 + b. What is the highest common factor of w and 22?
11
Let c be (13 - (7 - -132))*6/(-9). Calculate the highest common divisor of c and 154.
14
Suppose 14 = -s + 4*y, -6*s + 3 = -3*s - 3*y. What is the greatest common factor of s and 138?
6
Let d = 800 - 650. What is the highest common divisor of d and 45?
15
Let o(v) = 17*v**2 - 16*v - 4*v**3 - 2 - 3*v + 5*v**3 - 2*v. Let r be o(-18). What is the greatest common factor of r and 156?
52
Let f be -3 + 10 + (-2)/1. Suppose v + 5*l - 55 = -2*v, 0 = -f*l + 10. Calculate the highest common factor of v and 10.
5
Let b(m) = -m**3 + 12*m**2 + 28*m + 7. Let v be b(14). What is the greatest common factor of 287 and v?
7
Let d(x) = -x**3 + 8*x**3 - 5*x - 6*x**3 - 2 - 6*x**2. Let p be d(7). Let o = -25 + 43. Calculate the greatest common factor of o and p.
6
Let i be (-2)/(-4)*(3124 - 30). What is the greatest common divisor of i and 238?
119
Suppose 7*a - 7 = -0*a. Let g = a + 31. Let o(b) = -3*b - 5. Let h be o(-3). What is the greatest common divisor of g and h?
4
Let y = -279 + 15. Let w = y - -649. Suppose -2*g = 3*g - w. What is the greatest common factor of 11 and g?
11
Suppose 124 - 324 = -5*r. What is the highest common factor of 90 and r?
10
Let p be 331823/1441 + (-3)/11. Let a be 34/(-8) - 1/(-4). Let q be (2/a)/((-1)/46). Calculate the greatest common divisor of q and p.
23
Suppose -b = -4*b + 36. Suppose t - 16 = 4*j + 4, t - 5 = j. Suppose 2*s - 32 = -t*s + 4*o, o - 12 = -2*s. Calculate the greatest common factor of s and b.
4
Let t = -1131 - -1407. What is the greatest common divisor of t and 24?
12
Suppose -z + 6 = -2*z - 5*y, 0 = 3*z + y + 4. Let b be (-28)/z - 2/1. Let l be (28*78)/(-7)*4/(-6). What is the highest common divisor of l and b?
26
Let n(m) = 8*m**2 + m + 4. Suppose -i + 2*i = 0. Suppose 5*x - 4*x + 2 = i. Let c be n(x). Calculate the highest common divisor of 170 and c.
34
Let n(w) = -2*w + 1. Let f(p) = p**2 + 9*p - 11. Let l be f(-11). Suppose 5*g + l = 1. Let q be n(g). What is the greatest common divisor of q and 5?
5
Suppose -75 = -4*x - 5*z - 0*z, -2*z - 22 = -x. Let k = x + -12. What is the greatest common factor of 4 and k?
4
Suppose -4 = r + 2. Let n be ((-3)/r)/((-1)/(-18)). Let b = 37 + 35. Calculate the greatest common divisor of b and n.
9
Suppose -p + 16 = 3*p. Suppose 3*z = z + p. Let g(h) = 5*h + 2. Let o be g(z). Calculate the greatest common factor of 12 and o.
12
Let j be (-54)/(5/(-915)*6). Calculate the highest common factor of 18 and j.
9
Suppose -6*o + 10*o - 32 = 0. Let f(j) = -j**2 + 6*j + 26. Let p be f(o). What is the greatest common divisor of p and 80?
10
Suppose -2*r + 3*g = -28, 3*r + 5*g = -2 + 44. Suppose -3 - 1 = -2*t. Suppose 42 = t*a - 0. Calculate the highest common divisor of a and r.
7
Let x(p) = -4*p**2 + 54*p - 23. Let y be x(13). Calculate the highest common factor of y and 24.
3
Let z be -2 + (2 - 7) + (-19 - -754). Calculate the highest common divisor of 14 and z.
14
Let s be (-69)/(-276) + 131/4. Suppose -5*a = -389 - 271. What is the greatest common factor of s and a?
33
Let k be 1*15*(-1 - -2). Let g(p) = 6*p**2 + 70*p - 286. Let o be g(4). What is the greatest common divisor of o and k?
15
Let x(q) = 4*q + 9. Let p be x(10). What is the greatest common factor of 245 and p?
49
Let c be (8/(-5))/((-16)/40). Let m be (6/c)/(123/(-132) + 1). What is the highest common divisor of 55 and m?
11
Suppose -901 = -5*k + 839. Calculate the greatest common divisor of k and 58.
58
Let s = -81 + 93. Calculate the greatest common divisor of 12 and s.
12
Let j(k) = k + 18. Let w be j(-15). Suppose -4*s = -w - 5. What is the greatest common divisor of 4 and s?
2
Let f be 3*27*6/9. Suppose -5*d + 0*g = -g + 95, 5*d + 3*g = -115. Let k = d - -56. What is the highest common divisor of k and f?
18
Let q(p) = -2*p**2 + 19*p + 10. Let d be q(7). Let w be ((-10)/6)/((-5)/45). Calculate the greatest common divisor of w and d.
15
Let t = 9 - 29. Let p be 1/(-3) + t/(-6). Suppose -938 = -5*j - p*l, 5*l = 1 + 4. What is the highest common factor of j and 17?
17
Let l(y) = y - 6. Let c be l(2). Let j be ((-51)/2)/(6/c). Calculate the highest common factor of j and 17.
17
Suppose -55*t + 68 + 97 = 0. Let u be (-2 - (-1 - -1)) + 11. What is the highest common factor of u and t?
3
Let h = 664 - 630. What is the highest common factor of h and 255?
17
Let d = 2184 + -1106. Calculate the greatest common factor of 196 and d.
98
Let i(c) = 4*c - 21. Let n be i(7). Let o be n*2 + 30 + -33. Suppose 0 = 3*s - 30 - 69. Calculate the greatest common factor of s and o.
11
Let d be 2/((-4)/(-6)*-1). Suppose -4*k + 7*h - 11*h = 44, -2*k + h - 28 = 0. Let m = d - k. Calculate the greatest common factor of 4 and m.
2
Let d = 27 - 23. Suppose d*y = -l - 8, -2*y - 2 = -2*l + 3*l. Let a = y - -8. Calculate the greatest common divisor of 35 and a.
5
Let x(w) = -6*w + 5. Let i be (-16)/6 + ((-10)/15)/(-1). Let h be x(i). Calculate the highest common divisor of 34 and h.
17
Suppose 52 = 4*u - 4*z, 4*u + 2*z - 18 = 10. Calculate the highest common divisor of u and 6.
3
Suppose s - 5*u = 24, -4 = -s + 4*u + 17. Let o(b) = b**3 + 4*b**2 - 4*b + 8. Let i be o(-5). What is the highest common divisor of s and i?
3
Let f(l) = -l**3 + 18*l**2 - 11*l + 114. Let a be f(14). Calculate the highest common divisor of a and 31.
31
Let w = 2625 - 2520. Calculate the greatest common factor of 203 and w.
7
Let p(h) = 19*h + 786. Let a be p(-13). What is the greatest common divisor of a and 196?
49
Let q be (1/(-2)*2)/((-12)/336). What is the greatest common factor of 63 and q?
7
Suppose -519 - 141 = -4*m. Let q = -116 + 214. Suppose q = 5*a - 67. What is the greatest common factor of m and a?
33
Let o(p) be the first derivative of p**4/4 - 5*p**3/3 - 2*p**2 - 16*p + 16. Let s be o(7). Calculate the highest common factor of s and 6.
6
Let x(f) = f**3 - 3*f**2 - 3*f + 1. Let z be x(4). Suppose 54 = 3*v - 3*g, -5*v + 18 = -3*v + 4*g. What is the greatest common factor of z and v?
5
Let w = 6 + -7. Let f be (w*(0 - -1))/(5/(-20)). What is the greatest common factor of f and 1?
1
Let z = 35 + -